 + 17 - (1 - 5)/(-4). Suppose -4 = -4*y + o. Let j(g) = g**3 + 7*g**2 - 5*g. Let v be j(-7). What is the highest common factor of y and v?
5
Let b = 117 + 19. Let k = 1804 + -1787. Calculate the greatest common divisor of k and b.
17
Let v = -850 - -1426. What is the highest common divisor of 16 and v?
16
Let s(x) = -x**3 + 9*x**2 + 13*x - 2. Let l be s(-2). Let f = -4 - -6. Suppose 0 = -f*q + 72 + 184. Calculate the highest common factor of l and q.
16
Let z = -21 + 13. Let p = z - -43. Suppose -3*d - 4 = -2*m, 0 = -4*m + 2*d - 6*d + 28. What is the highest common factor of m and p?
5
Suppose -4*n + 4*a + 73 = -a, 4*n - 33 = -3*a. Suppose 0*c - c + 36 = 0. Suppose -3*x = -x - c. Calculate the greatest common factor of n and x.
6
Suppose -18*t + 17*t = -16. Suppose -2*x - 3*x = -20. Calculate the greatest common factor of t and x.
4
Let i(j) = -172*j - 194. Let l be i(-5). Calculate the greatest common divisor of 18 and l.
18
Let y(f) be the second derivative of 3*f**3/2 + 17*f**2/2 + 13*f. Let d be y(7). Calculate the greatest common divisor of 10 and d.
10
Suppose -u + 2*x = 5 - 54, -u - 3*x = -24. Calculate the greatest common factor of u and 481.
13
Suppose -l - 2*l = -3, -l + 61 = 5*k. Let r = 278 + -194. Calculate the highest common divisor of r and k.
12
Let z(w) = -8*w - 8*w**2 - 2 + 1 + 7 + 9*w**2. Let s be z(8). Suppose 4*h = s + 90. Calculate the greatest common divisor of 12 and h.
12
Suppose -5*p = -83 - 377. Let i(c) be the first derivative of 7*c**2 - 19*c + 8. Let l be i(3). What is the highest common divisor of p and l?
23
Let l = -9 + 22. Let u(i) = 6*i - 74. Let d be u(l). Calculate the highest common divisor of 8 and d.
4
Suppose 15 = 13*i - 10*i. Suppose -138 = -3*v + 2*b - i*b, -4*v + b = -204. What is the highest common divisor of v and 5?
5
Suppose 168 = 2*o + 5*y, 3*y - 7*y = -3*o + 229. Suppose -o = -4*l + 33. What is the greatest common factor of l and 308?
28
Let z(y) be the third derivative of -95*y**4/24 - y**3 - 7*y**2. Let i be z(-4). What is the greatest common factor of 34 and i?
34
Let n(v) = 7*v + 1. Let j(q) = q**3 - 1. Let a be j(0). Let h be n(a). Let x be (-198)/(-8) - h/(-8). What is the highest common factor of 192 and x?
24
Suppose -2*q + 3*n = -4098, 2*n - 7636 = -3*q - 1515. Calculate the highest common factor of 9 and q.
9
Let h(z) = -15*z - 377. Let v be h(-28). Calculate the greatest common divisor of 4 and v.
1
Let y(v) = v**2 - v. Let s be y(-8). Let u be 3 + (-9)/(9/(-10)) + -4. Calculate the greatest common factor of u and s.
9
Suppose d = -d + 2, -5*s + 42 = 2*d. Suppose 4*i + 14 = 2*l - s, -2*i = 0. Let a = 44 - -11. Calculate the highest common factor of a and l.
11
Let z(r) = 3*r - 1. Let j be z(1). Suppose -2*y + 3 = 3*y + 2*d, 2*y - j*d = -10. Let h be y + (-18)/(6/(-3)). What is the highest common divisor of h and 72?
8
Let b(y) = y**3 + 7*y**2 + 4*y + 2. Let t(w) = -w**3 - 5*w**2 - 2*w + 2. Let p be t(-4). Let j be b(p). What is the highest common factor of 126 and j?
14
Let x(w) = 21*w - 1. Let s be 1/(-2) + (-22)/(-4). Let f be x(s). Let q = 378 - 365. What is the greatest common factor of q and f?
13
Let c(p) = p**2 - 6*p - 4. Let k be c(7). Suppose -k*s + 22 = -5*m, 3*s + 23 = -5*m - 5. Let v be 414/15 + (-2)/m. What is the highest common factor of v and 4?
4
Let r be (220/(-3))/(-2) - 3320/(-996). Let t be (1 - 0)/((-2)/(-10)). Calculate the highest common factor of t and r.
5
Suppose -4*c + c - 105 = 0. Let w be c*((-21)/(-15) - 2). What is the greatest common divisor of w and 21?
21
Let m = -47 + 76. Suppose 912 + 973 = 13*a. Calculate the highest common divisor of m and a.
29
Let f(k) = -16*k + 11. Let j(m) = -3*m + 2. Let o(u) = 2*f(u) - 11*j(u). Let y be o(10). Calculate the highest common factor of y and 170.
10
Let m = 512 - 358. Let c be (2/2)/(7/m). What is the greatest common divisor of 2 and c?
2
Let f(g) = -g**2 - 9*g - 13. Let p be f(-6). Let l be (44/p)/((-8)/(-20)). Calculate the greatest common factor of l and 55.
11
Let q be ((-73)/(-219))/((-2)/(-306)). Calculate the highest common divisor of q and 85.
17
Suppose -z - 20 = -9*c + 4*c, -5 = -4*z + 3*c. Calculate the greatest common factor of 50 and z.
5
Let m(p) = -10*p**2 + 19*p + 7. Let d be m(-6). Let j = d - -691. What is the highest common factor of j and 32?
32
Suppose -148 - 92 = -3*u. Suppose -4*c - u = -2*c. Let y be 4*(-15)/c*48. Calculate the highest common divisor of y and 8.
8
Suppose 0 = w, -5*t + 65 = -w - 2*w. Let r be (117/12)/(6/32). Calculate the greatest common divisor of r and t.
13
Let w be (-10)/((-3)/6 + 0). Suppose 378 + 322 = 5*g. What is the greatest common factor of w and g?
20
Suppose f - 10 = h - 3*h, -7 = -5*h + 2*f. Let t = -86 - -87. Calculate the highest common divisor of t and h.
1
Let y(k) = 455*k - 189. Let n be y(5). What is the highest common divisor of 14 and n?
14
Suppose 908 = 3*t - 352. Suppose -350 = -3*g + 5*h, t = 7*g - 3*g + 5*h. Let f = -215 + 237. What is the greatest common factor of g and f?
22
Suppose -160 = v - 5*v. Let d(w) = -2*w**3 - 4*w**2 + 5. Let j be d(-2). What is the highest common factor of j and v?
5
Let c(o) = -21*o - 6. Let a be c(-6). Let k be a/5*(-10)/(-4). Suppose 3*l = -0*l + k. What is the greatest common divisor of 10 and l?
10
Let i be -15 + 6*1/(-2). Let f = 42 + i. Calculate the highest common factor of f and 3.
3
Let n(u) = u**2 + 15*u + 10. Let h be n(-8). Let j = 150 + h. What is the greatest common factor of j and 26?
26
Let a be (-4756)/(-22) + (-2)/11. Suppose 2*t - 7*t + 130 = -5*h, -h + 22 = t. Calculate the highest common divisor of a and t.
24
Let p = -474 + 960. Let m be 2/(-5) + p/15. Suppose c - 13 = 3*r, 0*c - 4*c + m = -2*r. Calculate the highest common factor of 35 and c.
7
Suppose -4*l - 5*f + 172 = 0, 0 = l - 6*l + f + 244. Calculate the greatest common divisor of 208 and l.
16
Let u(d) = 2*d - 5. Let i(c) = c - 1. Let q(t) = i(t) - u(t). Suppose -m + 0*m - 11 = 0. Let y be q(m). What is the highest common factor of y and 30?
15
Let o = 104 + -145. Let k = 73 + o. Suppose 0*m = -3*m + 1056. Calculate the greatest common divisor of k and m.
32
Let y be (2/(-24)*4)/((-2)/12). Suppose -2*d - y*d = 4*r - 4, -5*d = -5*r + 5. What is the greatest common factor of 8 and r?
1
Suppose 3*w + 32 - 230 = 3*n, w = -n + 58. What is the greatest common divisor of w and 279?
31
Let w be 78/1 + (-8)/8. Let g = -44 + w. Calculate the greatest common factor of g and 11.
11
Let p = -7 + 46. Suppose 36*i = -83*i + 1547. What is the greatest common factor of i and p?
13
Let r(x) = 89*x + 8. Let d be r(2). Suppose 0*s + d = 2*s. What is the greatest common factor of 31 and s?
31
Suppose -196 = -17*q + 76. Calculate the highest common factor of 176 and q.
16
Suppose -2*x - 13 = -5*d, -x + 0*d = -5*d + 14. Suppose 178 = 4*g - 30. Let m = g + -47. What is the highest common factor of m and x?
1
Let a be 426/71 + 27 + 2. Calculate the greatest common factor of a and 133.
7
Let h(b) = -b**3 - 4*b**2 + 4*b - 9. Let q be (0/1)/(3 - 4). Suppose q = r - 3 + 10. Let x be h(r). Calculate the highest common factor of 44 and x.
22
Let t(b) = 3*b**2 - 24*b + 31. Let h be t(7). Calculate the highest common divisor of 230 and h.
10
Let z = -92 - -98. What is the highest common factor of z and 258?
6
Let i be 8/60 - 206/(-30). Suppose i*r = 8*r - 60. What is the highest common factor of 24 and r?
12
Let q be 32/(-12)*(-21)/4. Calculate the highest common divisor of q and 70.
14
Let h(x) = x**2 - 4*x + 2. Let y be h(3). Let m be (-108)/15 - y/5. Let t = m + 25. What is the highest common factor of t and 144?
18
Let k = -46 - -45. Let i be -6 - k - 1530/(-18). What is the greatest common factor of i and 10?
10
Suppose -5*f + 5 + 30 = 5*b, 5*f = -3*b + 17. Let a(d) = d**2 + 6*d. Let g be a(5). Let i = g + 8. Calculate the highest common divisor of i and b.
9
Let j be 114*10/(-70)*-14. Calculate the greatest common divisor of 24 and j.
12
Suppose -12 - 28 = -2*l. Let d = 382 + -75. Let a = d + -167. Calculate the highest common factor of l and a.
20
Suppose 11*l + 13*l - 35880 = 0. Calculate the greatest common divisor of l and 26.
13
Let k = -719 + 959. Calculate the highest common factor of 400 and k.
80
Suppose 11*r - 2*h = 9*r - 4, 12 = 3*h. Let n be 1*-2